be (r/(-3))/((-396)/128 - -3). What is the units digit of -6*c/12*(-2 + 1)?
2
What is the units digit of (9 - 13)/(-7 - (-22320)/3189)?
2
Suppose 2*d + 6 = -0*d, 3*d = -p - 6. Suppose 0 = -0*t - 3*t + p*y + 1080, 0 = -2*t - 2*y + 740. What is the units digit of t?
5
Suppose -63*f + 196*f - 584269 = 0. What is the hundreds digit of f?
3
Let n be -4 - (-2*(-2)/(-4) - 0). Let b be 2 + n - 2*3/(-2). What is the units digit of 1 - (-8 + 4)*(5 + b)?
9
Suppose 4*o = 3*b + 48311 + 3186, 0 = 3*o - b - 38619. What is the thousands digit of o?
2
Let v = -33580 - -49985. What is the ten thousands digit of v?
1
Let n(l) = 10*l - 28. Let a = -51 + 52. Let k be 2/9 + (140/18)/a. What is the units digit of n(k)?
2
Let v(a) = -9*a - 83. Let r be v(-9). Suppose d = 36 + 15. What is the units digit of d + (-4 + 6)/r?
0
Suppose 0*q - 5*q + 50 = 0. Let u = q + 100. Let j = u - -45. What is the hundreds digit of j?
1
Let w(j) = 369*j - 13. Let t be w(13). Suppose 2*i = -11*i + t. What is the hundreds digit of i?
3
Let n(y) = y**3 - 9*y**2 - 3. Let o be n(6). Let h = o - -124. Let g(r) = -r**3 + 16*r**2 - 17*r - 17. What is the hundreds digit of g(h)?
2
Suppose 3*n = -4*r + 7628, 366*r - 363*r - 5721 = -n. What is the tens digit of r?
0
Let l(v) = -v**3 - 5*v**2 + 3*v - 11. Let x be l(-4). What is the tens digit of x/(60/(-45)*1/4)?
1
Let r = -8453 - -57175. What is the ten thousands digit of r?
4
Let a = 11171 - -4454. What is the units digit of a?
5
Let f(z) = -z**2 + 13*z + 72. Let j be f(17). Suppose 0 = 4*r + 2*h - 762 - 776, r - 362 = j*h. What is the units digit of r?
2
Suppose 14556 = b + 2*x - 1532, 0 = -8*x + 40. What is the ten thousands digit of b?
1
Let u(a) = -23*a**3 - 2*a**2 - 3*a - 5. Let l be u(-2). Suppose 0 = -3*z - v + l, 4*z - 5*v = 7*z - 177. What is the tens digit of z?
5
Suppose 18 = -2*h + 26. Let d(b) = 2*b**3 - 3*b**2 - b - 8. What is the tens digit of d(h)?
6
Suppose 20 + 185 = 41*u. Suppose u*n + 13 = 18, 0 = 4*s - 2*n - 3350. What is the tens digit of s?
3
What is the hundreds digit of 11/(55/(-304))*-30?
8
Let n(i) = -i**3 + 32*i**2 + 9*i - 59. Let b be n(29). Suppose -6*d = 997 - b. What is the tens digit of d?
8
Suppose -6*r = -855 - 1233. Let i = r - 81. What is the tens digit of i?
6
Let y(x) = -4*x + 1. Let t be y(-1). Let q(b) = b**3 - 6*b**2 + 6*b - 1. Let a be q(t). Suppose -44 = 2*w - a*w. What is the units digit of w?
2
Let d = -25 - -67. Let o be 26/7 - ((-306)/d - -7). Suppose 3*b + g = 4*b - 116, 0 = 4*g + o. What is the hundreds digit of b?
1
Suppose -96*a - 31*a = 113515 - 901296. What is the hundreds digit of a?
2
Let z(u) = 248*u**3 + 27*u - 5. What is the units digit of z(4)?
5
Let s(m) = 16*m**2 - 43*m - 17. What is the thousands digit of s(21)?
6
Let w(o) = -o**2 + 179*o - 185. What is the tens digit of w(37)?
6
Let a = -42182 + 72178. What is the thousands digit of a?
9
Let q(p) = 2616*p**2 - 54*p - 276. What is the ten thousands digit of q(-4)?
4
Suppose -157*m + 165*m = -14808. Let s = m + 3329. What is the hundreds digit of s?
4
Let t(k) be the first derivative of k**4/4 + 5*k**3 - 19*k**2/2 + 7*k - 16. Let a be t(-16). Let g = 151 - a. What is the units digit of g?
6
Suppose 203*t = 6*t + 161343. What is the tens digit of t?
1
Let w = -68 + 53. Let u(c) = 2*c**2 + 15*c - 45. What is the tens digit of u(w)?
8
Let m = 21 + -18. Suppose -u + 136 = -3*x - 107, m*u - 759 = -x. Let v = u + -170. What is the tens digit of v?
8
Let w be 124/24 - (-1)/(-6). Suppose -4*v + 3415 = 3*c, w*v - 3315 = 5*c + 945. What is the tens digit of v?
5
Let i(a) = 156*a**2 - 7*a - 4. Suppose -21 = -2*b - 25. What is the tens digit of i(b)?
3
Suppose -3*n - 3*v = -4*n + 5, -4*n = -2*v - 20. Let g be 10/n*(-4)/(-2). Suppose 2*m = -g*i - 2*m + 292, -m = 4*i - 280. What is the units digit of i?
9
Suppose -247*a = -159*a - 3370611 - 1160773. What is the units digit of a?
3
Suppose 0 = -q - 2*u, 3*u - 2*u = -3*q - 10. Let j be q - -3 - -1 - (3 + -4). Suppose -4*m = 3*k - 58 - 14, m + j = 4*k. What is the tens digit of m?
1
Let b(v) = 4*v**3 - 2*v - 2*v**3 + 5*v**2 + v - v**2. Let g be b(-2). Suppose -g*t - u = -0*t - 71, -3*t = -4*u - 90. What is the units digit of t?
4
Let v(o) = -4*o**3 - 4*o - 5. Let k be v(-2). Suppose 5*r - k = -2*r. Suppose 0 = 9*w - 7*w - r*h - 266, 2*w + h = 254. What is the hundreds digit of w?
1
Let x = 20 - 24. Let j be 6/9 + 0 + x/6. Suppose j = -0*d + 10*d - 50. What is the units digit of d?
5
Let j = -253 - -385. Let d = j + 293. What is the hundreds digit of d?
4
Let s(f) = 53 - 32*f + 25 + 40*f. What is the hundreds digit of s(15)?
1
Let s = 12514 + -6843. What is the tens digit of s?
7
Suppose 3*s = 17915 - 3929. What is the tens digit of s?
6
Let q = -93 - -40. Let b = q + 55. Suppose 2*g - 67 = -3*m + 49, 232 = 4*g - b*m. What is the tens digit of g?
5
Let p(d) = 4*d**2 - 108*d - 5. Let r be p(27). Let i(c) = 14*c + 16. Let g(m) = 14*m + 15. Let o(a) = -4*g(a) + 3*i(a). What is the units digit of o(r)?
8
Suppose 141*p = 5*p + 2846480. What is the hundreds digit of p?
9
Suppose 5*u - 40661 = 3*z, 2*u - 10*z = -6*z + 16256. What is the hundreds digit of u?
1
Suppose 5*v = 5*k - 60250, 0 = -3*k + 8*k + v - 60274. What is the tens digit of k?
5
What is the tens digit of (-5 + 3)/(27/(-59562))?
1
Let d = -2 + 2. Suppose x - 4*n + 160 = d, 4*x - 5*x = 5*n + 133. Let m = -65 - x. What is the tens digit of m?
8
What is the thousands digit of ((-14)/35 - 34/15)*143283/(-28)?
3
Suppose 2*p - 22 = -6, 5*p = 2*q - 17598. What is the thousands digit of q?
8
Let k = 1490 + 6383. What is the tens digit of k?
7
Let v(r) = 76*r**3 - 3*r + 2. Suppose 11 = 13*h - 2. What is the tens digit of v(h)?
7
Suppose 2*n = -3*i + 13580, 6*i + 8512 = n + 1737. What is the hundreds digit of n?
7
Let z(t) = -4*t - 107. Let y be z(-27). What is the tens digit of (-13 - -12)*(-180 - y)?
8
Let a = -10 - -23. Suppose -3*h - 5*i = h + a, i + 14 = 3*h. Suppose -5*w + 34 + 28 = h*s, 3*s + 3*w - 72 = 0. What is the units digit of s?
9
Suppose 108*y = 27*y - 14*y + 4055835. What is the ten thousands digit of y?
4
What is the ten thousands digit of (-11 + (-78)/(-10))*(-12945)/2?
2
Let v(c) = 2*c**2 - 5*c**2 - 1 + 3*c + 8. Let b be v(12). Let w = -221 - b. What is the units digit of w?
8
Let w(c) = -c**2 - 21*c - 5. Let f = 66 - 42. Suppose -2*m + 5*x - f = 0, 4*m = -m + 3*x - 60. What is the hundreds digit of w(m)?
1
Let w = 119 - 121. Let r(v) be the second derivative of -15*v**3/2 + 5*v**2/2 - 10*v. What is the tens digit of r(w)?
9
Suppose 3*l - 50053 = 5*o, 2*l - 17*o - 33386 = -18*o. What is the tens digit of l?
9
Suppose 0 = -8*t + 2400 + 272. Let o = 1162 - t. Suppose -28*y + 16*y + o = 0. What is the tens digit of y?
6
Suppose -16*f + 6550 = -19834. Let l = f - 933. What is the units digit of l?
6
Suppose -8*s + 4*s = -12, -s - 13 = -4*j. Suppose -5*d - 733 = -3*c, -j*d + 122 + 111 = c. What is the tens digit of c?
4
Suppose 5*r + d = -795, 0 = 2*r - d + 180 + 145. Let z = 568 + r. What is the hundreds digit of z?
4
Suppose -4*s + y = 603, 0 = -0*s - 2*s - 5*y - 307. Let q be (425/2)/(-5)*2. Let r = q - s. What is the units digit of r?
6
Suppose 3*h - 6034 - 19274 = -3*r, 5*r + 2*h = 42198. What is the hundreds digit of r?
4
Let z(g) = 267*g + 1184. What is the units digit of z(37)?
3
Let g be (22 + 0 - 5) + 5. What is the hundreds digit of g/(-14) + (-20)/(-35) - -144?
1
Suppose 501*t - 277*t = 3843616. What is the thousands digit of t?
7
Let s(c) = -c**2 - 14*c + 11. Let a be s(-14). Let k(g) = 2*g**2 + 21 + 0 + a*g + g. What is the units digit of k(-9)?
5
Let o(h) be the second derivative of -h**4/12 - 2*h**3 - h**2/2 - 14*h. Let k be o(-12). What is the tens digit of (-413 - k)/(-4) - -2?
0
What is the units digit of (-390768)/(-70)*10/4?
6
Let f be 1/4 - (-5)/(-20). Suppose 8*v - 26 = -r + 3*v, f = 5*r + 2*v - 15. What is the tens digit of 134/4 - (0 + r/(-2))?
3
Let d(l) = -2*l + 4*l**2 + 252*l**3 + l**2 - 435 + 216 + 217. What is the units digit of d(1)?
3
Let r be (96645/(-5))/(9/(-6) + 1). What is the tens digit of (r/(-238))/(2/(-14))?
3
Suppose -4*b + 118485 = -5*n, 9*n = -4*b + 11*n + 118494. What is the tens digit of b?
2
Let f(y) be the third derivative of -y**6/120 + y**5/5 - 11*y**4/12 + 3*y**3/2 + 13*y**2 + y. What 